 a(0)?
1
Suppose 2*t + 25 = -3*t. Let p = t + 10. What is the units digit of p?
5
Let p = -7 - -23. What is the units digit of p?
6
Let x(b) be the third derivative of b**5/60 - b**4/2 - 5*b**3/2 + 8*b**2. What is the tens digit of x(14)?
1
Let b(y) = -y**3 + 11*y**2 - 13*y - 3. What is the tens digit of b(9)?
4
Let k(w) = w**3 + w**2 + w - 3. Let r be k(0). Let l(v) = v**3 + 5*v**2 + 2*v + 4. What is the tens digit of l(r)?
1
Let u(r) = r**2 - r + 12. Let b be u(0). Let i = b - 5. What is the units digit of (-6)/(-21) + 5/i?
1
Let p = -3 + 6. Suppose 8*d - p*d - 33 = -4*g, 2*g = 4*d - 16. Let i = 5 + d. What is the units digit of i?
0
Let i(t) = -3*t - 7. Let l be i(-5). Let s(m) = 13*m + 7. Let d be s(l). What is the units digit of 2/(d/(-39) - -3)?
3
Let q = 1 - 4. Let u = q + 3. Suppose -3*p + 55 - 10 = u. What is the tens digit of p?
1
Let a = 1 - -3. Let g(v) = 2*v**2 - 3*v - a - 2*v + 0*v**2. What is the units digit of g(4)?
8
What is the tens digit of (1 + 103)*(-4)/(-8)?
5
Suppose 3*y + 15 = 4*y - 3*x, 0 = -2*y + 3*x + 15. Suppose y = -t - t - 24. Let v = 20 + t. What is the units digit of v?
8
Suppose 4*u - 420 = u. Suppose q + u = 6*q. What is the tens digit of q?
2
Let r = -6 - -10. Suppose -r*v + 23 = -41. What is the units digit of v?
6
Suppose -2*a = 2*t + 6, -t - 4*a - 14 = 2*t. Suppose -p - 6 = -4*p, 0 = t*y + p - 22. What is the tens digit of y?
1
Suppose 379 = 12*l - 1073. What is the tens digit of l?
2
Suppose 3*n - 8 - 10 = 0. Suppose -5*v + 4*v = n. What is the units digit of 3/(-18) - 31/v?
5
Suppose -p - 58 = 3*u, 3*u - 89 = 5*p + 165. Let m = -31 - p. What is the units digit of m?
1
Let c(p) = -18*p - 10. What is the units digit of c(-3)?
4
Suppose 2*c - 17 = -c - 2*v, 4*c + 5*v - 32 = 0. What is the units digit of c?
3
What is the hundreds digit of (-6)/(-12) - (-698)/4?
1
Suppose -i + 2*y = -0*i - 3, -2*i - 3*y = 29. Let u = i - -29. What is the units digit of u?
2
Let d = 1 + 32. What is the tens digit of d?
3
Let z be (2*14/4)/(-1). Let n = z - -27. What is the units digit of n?
0
Let w(v) = -27*v - 2. Suppose 25 = -5*g + 4*a, 4*a + 9 = -3*g + 26. What is the tens digit of w(g)?
2
Let y be ((-6065)/(-15))/((-2)/(-6)). Suppose q - y = -3*m, -m - 4*q = 3*m - 1620. What is the tens digit of 2/(-9) - m/(-36)?
1
Let d(a) = a**3 - a**2 - a + 2. Let n be d(0). Suppose n*f = 5*j - j - 32, 3*j = f + 25. What is the units digit of j?
9
Suppose -5*j + 615 = 4*z, 3*z - 123 = -j - z. What is the tens digit of j?
2
Let p = 3 + -1. Suppose 0*x + p*x = -10, 2*v + 13 = -x. Let g(u) = -u**3 - 3*u**2 + 4*u + 6. What is the units digit of g(v)?
6
Let j(z) = -4*z + 1. Suppose -2*t + 10 = -4*t. Let y be j(t). Let p = y - 13. What is the units digit of p?
8
What is the hundreds digit of 12/(-15)*(3 + 782/(-4))?
1
Suppose 4*f - 2*f = 10. Suppose 0 = -0*z + f*z - 60. What is the tens digit of z?
1
Let q = -98 - -159. What is the tens digit of q?
6
Suppose y = -0*g - 2*g + 75, -y = 5. What is the tens digit of g?
4
Suppose -3*l - l + 8 = -4*x, 3*l - 2*x - 9 = 0. What is the units digit of l?
5
Let g(f) = f**2 - 13*f + 25. What is the tens digit of g(13)?
2
Let i = 311 - 181. What is the hundreds digit of i?
1
Suppose -5*q + 8 = -22. What is the units digit of q?
6
Let c be (-2)/(-8) + 726/(-24). What is the units digit of (0 - 1/3)*c?
0
Let y = -16 + 10. Let i(u) = -u - 2. Let f be i(y). Suppose -f*d = -4*z + 28, -z = -3*d + d - 7. What is the units digit of z?
7
Let n be -5 + 5 + (-5 - -1). Let f be 28/6 - n/(-6). What is the units digit of 6/f - 1/(-2)?
2
Let n = 22 + -8. What is the units digit of n?
4
Let i(v) = v**3 - 9*v**2 - 8*v - 8. Let p be i(12). What is the tens digit of (3/(-6))/((-4)/p)?
4
What is the tens digit of (99 - 2)*(1 + 0)?
9
Let d be (-9)/(-6)*(0 - 2). What is the units digit of 6 + (d - 0 - -5)?
8
Let a be 4 - 1/(-2)*0. Let g(r) = -5*r - 2 + 7*r + 0. What is the units digit of g(a)?
6
Let b be (-12)/(-54) + 68/18. Suppose 2*g = -0*w + w - 7, 0 = -b*w - 3*g + 28. What is the units digit of w?
7
Let t = 11 - 19. Let n = -38 + t. Let b = -33 - n. What is the units digit of b?
3
Let r(v) be the first derivative of 2*v**2 + v - 1. Suppose -2*q - t + 8 = 0, 3*q - 5*t + 6 - 5 = 0. What is the units digit of r(q)?
3
Let i(r) = 2 - 5*r**3 + 13*r**3 - 1. What is the units digit of i(1)?
9
Let z = 5 + 0. Suppose -3*n - 2*p + 96 = 0, 3*n - 2*n = -z*p + 45. Suppose 6*c - 4*c = n. What is the units digit of c?
5
Let v = 0 + 4. Suppose -5*s + 15 = -v*s. What is the tens digit of s?
1
What is the tens digit of (-708)/(-8)*4/3?
1
Let q(s) = -s**2 - 2*s - 1. Let m be q(-2). Let b = m - 0. Let h(k) = 6*k**2 + k + 1. What is the units digit of h(b)?
6
Let y(m) = -m**2 + 15*m - 16. Let u be y(11). Let w = u + -6. What is the tens digit of w?
2
Suppose 0 = 4*c - 3*k, 5*c = -2*k + 5*k + 3. Suppose -3*y + y + f + 14 = 0, -c*y + 2*f + 19 = 0. What is the units digit of y?
9
Let a(n) = 2*n**2 + 7*n + 4. What is the units digit of a(-7)?
3
Suppose 3*m = a - 2*a + 49, 3 = m - 3*a. Suppose 5*y = 2*y + m, q = 2*y - 5. Suppose q*v - 7*v + 4 = 0. What is the units digit of v?
2
What is the tens digit of -1 - (-496)/(20/5)?
2
Let y be 29/9 + 2/(-9). Suppose 4*v - 5*j = 1, -4*j - y = -2*v + j. Let x(u) = 10*u**2. What is the tens digit of x(v)?
1
Let a be 5 - (0 + -1)*-1. Suppose 5*o = -0*o. Let c = a - o. What is the units digit of c?
4
Let b be 9 + -1 + (2 - 3). Let t(k) = 3*k**3 - 3*k**2 + 2*k - 3. Let j be t(2). Let y = j - b. What is the units digit of y?
6
Let d(a) = a**2 - 5*a - 3. What is the units digit of d(-6)?
3
Suppose -61 = -y + 41. What is the tens digit of y?
0
Suppose 2*h = 4*b + 166, -3*h - 5*b + 238 = -0*b. What is the tens digit of h?
8
Suppose -3*f - 176 = -7*f. Suppose 5*r + 95 = 5*u, -u - u - 4*r + f = 0. What is the tens digit of u?
2
Let w(o) = 8*o - 1. Let c be w(-1). What is the units digit of (-1)/((c/3)/57)?
9
What is the tens digit of 1/2*(-2 + 76)?
3
Let i = -9 + 9. Let z be (2*-1)/((-4)/10). What is the units digit of (z + -7)*(-2 + i)?
4
Let u = -1 + 6. Suppose -t + 0*t - u*j + 10 = 0, 2*t - 20 = 4*j. What is the tens digit of t?
1
Let u(l) = -l**2 - 14*l - 7. Let c = -30 + 21. What is the units digit of u(c)?
8
Let m = 10 + -8. Suppose 0 = -j + 13 - m. What is the tens digit of j?
1
Let b(v) = 6*v + 4 - 10*v**2 + 1 - 3 - v**3 + 7. Let k(z) = z**3 + z**2 - z - 1. Let j(m) = -b(m) - 2*k(m). What is the tens digit of j(7)?
1
Let j be (-30)/(-9)*24/10. Let b = j - 4. Suppose -b*p = 4 - 12. What is the units digit of p?
2
Let v(d) = -d**3 - d + 5. Let w be v(0). Suppose w = l - 7. What is the tens digit of l?
1
Let g = -613 + 123. What is the tens digit of 3*(g/(-6))/7?
3
Suppose -3*g + 95 = 2*g. What is the tens digit of -2 + 1 + (g - 2)?
1
Let t(q) = -q**3 - 10*q**2 - 10*q - 5. Let w be t(-9). Suppose 2*o = w*p - 40, -2*p - 3*o = 3*p - 28. What is the units digit of p?
8
Let t be (-2 - (-5 - -2))*5. Suppose -5*k + 10 = t*q - 20, -5*k - 42 = -4*q. What is the units digit of 0/1 - q/(-1)?
8
Let a be ((-3)/2)/((-1)/20). Suppose -2*s - s = u - a, 4*u - 5*s = 188. What is the units digit of u?
2
What is the tens digit of (-3 - 84)/(-1) - 1?
8
Let w = -8 + 11. Suppose 2*a - w*a = -48. Suppose -3*o - a = -7*o. What is the tens digit of o?
1
Let o(q) = -q**2 + 8*q - 7. Let r be o(6). Suppose j + k + 2 = 0, 3*j + 26 = r*j - 4*k. Suppose 0 = -y - 1, j*f - 4*y = 10. What is the units digit of f?
2
Suppose -5*u + 58 + 17 = 0. What is the tens digit of u?
1
Suppose 0 = -4*d + 2*d - 5*p + 440, -4*p + 667 = 3*d. What is the tens digit of d?
2
Let f(p) = p**2 - 5*p + 6. Let u be f(4). Suppose 0 = 2*k + u*k + 32. Let z = 14 + k. What is the units digit of z?
6
Let p be (-19)/(-4) + (-3)/(-12). Suppose 0 = -p*a + 6*a. Suppose 2*f - 12 = -a*f. What is the units digit of f?
6
Suppose -n = 2*n - 5*v + 7, n - 1 = v. Suppose -n = 2*p - 3*p. What is the units digit of ((-16)/p)/((-8)/12)?
4
Let c = 176 - 73. What is the units digit of c?
3
Let a(q) = -q**3 - 8*q**2 + q + 10. Let h be a(-8). Suppose h*m = 15 + 9. What is the tens digit of m?
1
Suppose 69 = r + 2*r - 5*v, 2*r + 4*v - 46 = 0. Suppose x = -4*y + 3, -4*x + r = 3*y + 2*y. What is the units digit of x?
7
Let z = -1 + 154. What is the units digit of z?
3
Suppose 91 = 4*i + 15. Su